{"id":81,"date":"2012-02-08T14:03:30","date_gmt":"2012-02-08T13:03:30","guid":{"rendered":"http:\/\/www.evenhausen.de\/?page_id=81"},"modified":"2026-03-17T09:18:04","modified_gmt":"2026-03-17T08:18:04","slug":"dorfladen","status":"publish","type":"page","link":"https:\/\/www.evenhausen.de\/?page_id=81","title":{"rendered":"Dorfladen"},"content":{"rendered":"<p>Zu finden ist der Dorfladen seit 15. Dezember 2011 in der Ortsmitte von Evenhausen in der ehemaligen B\u00e4ckerei L\u00f6w.<\/p>\n<h2>Angebot<\/h2>\n<p>Die Fleisch- und Wurstwaren sind von der Metzgerei Gassner.<br \/>\nDie B\u00e4ckereiprodukte kommen von der B\u00e4ckerei Inninger aus Gars am Inn sowie von Martins Holzofenb\u00e4ckerei aus Grafing.<br \/>\nIn der K\u00e4setheke befinden sich u. a. die K\u00e4sesorten der Familie Sp\u00f6tzl aus Griesst\u00e4tt.<br \/>\nNeben dem herk\u00f6mmlichen Trockensortiment werden auch Lebensmittel weiterer regionaler Hersteller sowie aus biologischem Anbau angeboten.<br \/>\nKaffee gibt&#8217;s von der Kaffeer\u00f6sterei Marterm\u00fchle aus A\u00dfling.<br \/>\nDie Getr\u00e4nke liefern der Br\u00e4u im Moos und die Brauerei Unertl aus Haag.<br \/>\nDer Hunger kann mittels verschiedener Brotzeiten gestillt werden.<\/p>\n<p><strong><span style=\"color: #333399;\">Ge\u00e4nderte \u00d6ffnungszeiten:<\/span>\u00a0<\/strong>Mittags hat der Dorfladen von Mo-Do nun bis <span style=\"color: #333399;\"><strong>13:00 Uhr<\/strong><\/span> ge\u00f6ffnet.<\/p>\n<table style=\"background-color: #ffffe0; width: 100%;\" border=\"0\" align=\"left\">\n<tbody>\n<tr>\n<th scope=\"rowgroup\">\u00d6ffnungszeiten<\/th>\n<td><\/td>\n<td><\/td>\n<\/tr>\n<tr>\n<td>Montag<\/td>\n<td>07:00 &#8211; 13:00<\/td>\n<td>16:00 &#8211; 18:00<\/td>\n<\/tr>\n<tr>\n<td>Dienstag<\/td>\n<td>07:00 &#8211; 13:00<\/td>\n<td>16:00 &#8211; 18:00<\/td>\n<\/tr>\n<tr>\n<td>Mittwoch<\/td>\n<td>07:00 &#8211; 13:00<\/td>\n<td>geschlossen<span style=\"color: #ff0000;\">*<\/span><\/td>\n<\/tr>\n<tr>\n<td>Donnerstag<\/td>\n<td>07:00 &#8211; 13:00<\/td>\n<td>16:00 &#8211; 18:00<\/td>\n<\/tr>\n<tr>\n<td>Freitag<\/td>\n<td>07:00 &#8211; 13:00<\/td>\n<td>16:00 &#8211; 18:00<\/td>\n<\/tr>\n<tr>\n<td>Samstag<\/td>\n<td>07:00 &#8211; 12:00<\/td>\n<td>geschlossen<\/td>\n<\/tr>\n<\/tbody>\n<\/table>\n<p><span style=\"color: #ff0000;\">* <\/span>Ist der Donnerstag ein Feiertag ist auch Mittwochs nachmittags von 16 Uhr bis 18 Uhr ge\u00f6ffnet.<br \/>\n<iframe loading=\"lazy\" style=\"border: 1px solid black;\" src=\"https:\/\/www.openstreetmap.org\/export\/embed.html?bbox=12.287143170833588%2C48.02457697103466%2C12.289938032627106%2C48.026360069802585&amp;layer=mapnik&amp;marker=48.02546885013383%2C12.288539949999972\" width=\"425\" height=\"350\"><\/iframe><br \/>\n<small><a href=\"https:\/\/www.openstreetmap.org\/?mlat=48.025469&amp;mlon=12.288540#map=19\/48.025469\/12.288540\">Gr\u00f6\u00dfere Karte anzeigen<\/a><\/small><\/p>\n","protected":false},"excerpt":{"rendered":"<p>Zu finden ist der Dorfladen seit 15. Dezember 2011 in der Ortsmitte von Evenhausen in der ehemaligen B\u00e4ckerei L\u00f6w. Angebot Die Fleisch- und Wurstwaren sind von der Metzgerei Gassner. Die B\u00e4ckereiprodukte kommen von der B\u00e4ckerei Inninger aus Gars am Inn sowie von Martins Holzofenb\u00e4ckerei aus Grafing. In der K\u00e4setheke befinden sich u. a. die K\u00e4sesorten &hellip; <a href=\"https:\/\/www.evenhausen.de\/?page_id=81\" class=\"more-link\"><span class=\"screen-reader-text\">\u201eDorfladen\u201c <\/span>weiterlesen<\/a><\/p>\n","protected":false},"author":26,"featured_media":0,"parent":59,"menu_order":0,"comment_status":"open","ping_status":"closed","template":"","meta":{"_themeisle_gutenberg_block_has_review":false,"footnotes":""},"class_list":["post-81","page","type-page","status-publish","hentry"],"_links":{"self":[{"href":"https:\/\/www.evenhausen.de\/index.php?rest_route=\/wp\/v2\/pages\/81","targetHints":{"allow":["GET"]}}],"collection":[{"href":"https:\/\/www.evenhausen.de\/index.php?rest_route=\/wp\/v2\/pages"}],"about":[{"href":"https:\/\/www.evenhausen.de\/index.php?rest_route=\/wp\/v2\/types\/page"}],"author":[{"embeddable":true,"href":"https:\/\/www.evenhausen.de\/index.php?rest_route=\/wp\/v2\/users\/26"}],"replies":[{"embeddable":true,"href":"https:\/\/www.evenhausen.de\/index.php?rest_route=%2Fwp%2Fv2%2Fcomments&post=81"}],"version-history":[{"count":13,"href":"https:\/\/www.evenhausen.de\/index.php?rest_route=\/wp\/v2\/pages\/81\/revisions"}],"predecessor-version":[{"id":1436,"href":"https:\/\/www.evenhausen.de\/index.php?rest_route=\/wp\/v2\/pages\/81\/revisions\/1436"}],"up":[{"embeddable":true,"href":"https:\/\/www.evenhausen.de\/index.php?rest_route=\/wp\/v2\/pages\/59"}],"wp:attachment":[{"href":"https:\/\/www.evenhausen.de\/index.php?rest_route=%2Fwp%2Fv2%2Fmedia&parent=81"}],"curies":[{"name":"wp","href":"https:\/\/api.w.org\/{rel}","templated":true}]}}