{"id":74,"date":"2012-02-08T14:01:18","date_gmt":"2012-02-08T13:01:18","guid":{"rendered":"http:\/\/www.evenhausen.de\/?page_id=74"},"modified":"2026-01-18T19:33:28","modified_gmt":"2026-01-18T18:33:28","slug":"burgerservice","status":"publish","type":"page","link":"https:\/\/www.evenhausen.de\/?page_id=74","title":{"rendered":"B\u00fcrgerservice"},"content":{"rendered":"\n<p>Bei der Gebietsreform 1971 ist die ehemalige Gemeinde Evenhausen der Gemeinde Amerang angegliedert worden.<\/p>\n\n\n\n<h2 class=\"wp-block-heading\"><span style=\"font-family: Arial,Arial,Helvetica;\"><strong><span style=\"font-size: medium;\">Gemeindeverwaltung Gemeinde Amerang<\/span><\/strong><\/span><\/h2>\n\n\n\n<figure class=\"wp-block-table\"><table class=\"has-background has-fixed-layout\" style=\"background-color:#ffffbe\"><tbody><tr><td>Anschrift:<\/td><td>Wasserburger Str. 11<br>\n83123 Amerang<\/td><td rowspan=\"4\"><iframe loading=\"lazy\" width=\"425\" height=\"350\" src=\"https:\/\/www.openstreetmap.org\/export\/embed.html?bbox=12.305781841278078%2C47.99070073438388%2C12.308576703071596%2C47.99248500474187&amp;layer=mapnik&amp;marker=47.99159289773667%2C12.307179272174835\" style=\"border: 1px solid black\"><\/iframe><br><small><a href=\"https:\/\/www.openstreetmap.org\/?mlat=47.991593&amp;mlon=12.307179#map=19\/47.991593\/12.307179\">Gr\u00f6\u00dfere Karte anzeigen<\/a><\/small><\/td><\/tr><tr><td>Telefon:<\/td><td>08075-9197-0<\/td><\/tr><tr><td>Fax:<\/td><td>08075-9197-19<\/td><\/tr><tr><td>eMail:<\/td><td>info@amerang.de <em>(unverschl\u00fcsselt)<\/em><br>\nsecuremail@amerang.de <em>(verschl\u00fcsselt)<\/em><\/td><\/tr><\/tbody><\/table><\/figure>\n\n\n\n<figure class=\"wp-block-table\"><table class=\"has-background has-fixed-layout\" style=\"background-color:#ffffbe\"><tbody><tr><th>Parteiverkehr:<\/th><td>&nbsp;<\/td><td>&nbsp;<\/td><\/tr><tr><td>&nbsp;Montag:<\/td><td>08:00-12:00<\/td><td>14:00-17:00<\/td><\/tr><tr><td>&nbsp;Dienstag:<\/td><td>08:00-12:00<\/td><td>nachmittags geschlossen<\/td><\/tr><tr><td>&nbsp;Mittwoch:<\/td><td>geschlossen<\/td><td>&nbsp;<\/td><\/tr><tr><td>&nbsp;Donnerstag:<\/td><td>08:00-12:00<\/td><td>&nbsp;13:00-18:00<\/td><\/tr><tr><td>&nbsp;Freitag:<\/td><td>08:00-12:00<\/td><td>&nbsp;nachmittags geschlossen<\/td><\/tr><tr><th colspan=\"3\">Wertstoffhof in Amerang (Wasserburger-Str. 72):<\/th><\/tr><tr><td>Dienstag:<\/td><td>07:00-10:00<\/td><td>&nbsp;<\/td><\/tr><tr><td>Mittwoch:<\/td><td>&nbsp;<\/td><td>15:00-17:00<\/td><\/tr><tr><td>Freitag:<\/td><td>07:00-10:00<\/td><td>&nbsp;<\/td><\/tr><tr><td>Samstag:<\/td><td>08:30-11:00<\/td><td>&nbsp;<\/td><\/tr><\/tbody><\/table><\/figure>\n\n\n\n<p>&nbsp;Weitere Informationen erhalten Sie auf den <a title=\"B\u00fcrgerservice der Gemeinde Amerang\" href=\"http:\/\/www.amerang.de\" target=\"_blank\" rel=\"noopener noreferrer\">Seiten der Gemeinde Amerang<\/a>.<\/p>\n\n\n\n<h2 class=\"wp-block-heading\">Polizei<\/h2>\n\n\n\n<p>Die zust\u00e4ndige Polizei-Dienststelle ist die Polizeiinspektion Wasserburg.<\/p>\n\n\n\n<figure class=\"wp-block-table\"><table class=\"has-background has-fixed-layout\" style=\"background-color:#ffffbe\"><tbody><tr><td>Polizeiinspektion Wasserburg\/Inn<\/td><td>M\u00fcnchner Stra\u00dfe 9<br>83512 Wasserburg<\/td><td rowspan=\"3\"><iframe loading=\"lazy\" width=\"425\" height=\"350\" src=\"https:\/\/www.openstreetmap.org\/export\/embed.html?bbox=12.206819057464601%2C48.0604064916414%2C12.20961391925812%2C48.062188350587824&amp;layer=mapnik&amp;marker=48.06129755111326%2C12.208216600000014\" style=\"border: 1px solid black\"><\/iframe><br><small><a href=\"https:\/\/www.openstreetmap.org\/?mlat=48.061298&amp;mlon=12.208217#map=19\/48.061298\/12.208217\">Gr\u00f6\u00dfere Karte anzeigen<\/a><\/small><\/td><\/tr><tr><td>Telefon:<\/td><td>08075-9177-0<\/td><\/tr><tr><td>Fax:<\/td><td>08075-9177-19<\/td><\/tr><\/tbody><\/table><\/figure>\n\n\n\n<p>&nbsp;<\/p>\n","protected":false},"excerpt":{"rendered":"<p>Bei der Gebietsreform 1971 ist die ehemalige Gemeinde Evenhausen der Gemeinde Amerang angegliedert worden. Gemeindeverwaltung Gemeinde Amerang Anschrift: Wasserburger Str. 11 83123 Amerang Gr\u00f6\u00dfere Karte anzeigen Telefon: 08075-9197-0 Fax: 08075-9197-19 eMail: info@amerang.de (unverschl\u00fcsselt) securemail@amerang.de (verschl\u00fcsselt) Parteiverkehr: &nbsp; &nbsp; &nbsp;Montag: 08:00-12:00 14:00-17:00 &nbsp;Dienstag: 08:00-12:00 nachmittags geschlossen &nbsp;Mittwoch: geschlossen &nbsp; &nbsp;Donnerstag: 08:00-12:00 &nbsp;13:00-18:00 &nbsp;Freitag: 08:00-12:00 &nbsp;nachmittags geschlossen &hellip; <a href=\"https:\/\/www.evenhausen.de\/?page_id=74\" class=\"more-link\"><span class=\"screen-reader-text\">\u201eB\u00fcrgerservice\u201c <\/span>weiterlesen<\/a><\/p>\n","protected":false},"author":26,"featured_media":0,"parent":59,"menu_order":0,"comment_status":"open","ping_status":"closed","template":"","meta":{"_themeisle_gutenberg_block_has_review":false,"footnotes":""},"class_list":["post-74","page","type-page","status-publish","hentry"],"_links":{"self":[{"href":"https:\/\/www.evenhausen.de\/index.php?rest_route=\/wp\/v2\/pages\/74","targetHints":{"allow":["GET"]}}],"collection":[{"href":"https:\/\/www.evenhausen.de\/index.php?rest_route=\/wp\/v2\/pages"}],"about":[{"href":"https:\/\/www.evenhausen.de\/index.php?rest_route=\/wp\/v2\/types\/page"}],"author":[{"embeddable":true,"href":"https:\/\/www.evenhausen.de\/index.php?rest_route=\/wp\/v2\/users\/26"}],"replies":[{"embeddable":true,"href":"https:\/\/www.evenhausen.de\/index.php?rest_route=%2Fwp%2Fv2%2Fcomments&post=74"}],"version-history":[{"count":26,"href":"https:\/\/www.evenhausen.de\/index.php?rest_route=\/wp\/v2\/pages\/74\/revisions"}],"predecessor-version":[{"id":1430,"href":"https:\/\/www.evenhausen.de\/index.php?rest_route=\/wp\/v2\/pages\/74\/revisions\/1430"}],"up":[{"embeddable":true,"href":"https:\/\/www.evenhausen.de\/index.php?rest_route=\/wp\/v2\/pages\/59"}],"wp:attachment":[{"href":"https:\/\/www.evenhausen.de\/index.php?rest_route=%2Fwp%2Fv2%2Fmedia&parent=74"}],"curies":[{"name":"wp","href":"https:\/\/api.w.org\/{rel}","templated":true}]}}