{"id":24,"date":"2012-02-07T16:34:39","date_gmt":"2012-02-07T15:34:39","guid":{"rendered":"http:\/\/www.evenhausen.de\/?page_id=24"},"modified":"2019-03-19T09:59:08","modified_gmt":"2019-03-19T08:59:08","slug":"impressum","status":"publish","type":"page","link":"https:\/\/www.evenhausen.de\/?page_id=24","title":{"rendered":"Impressum"},"content":{"rendered":"<p>Pflichtangaben nach \u00a7 6 Teledienstegesetz (TDG)<br \/>\nbzw. \u00a7 10 des Mediendienstestaatsvertrages (MDStV)<\/p>\n<address>Dipl.-Inf.(FH) Josef Huber<\/address>\n<address>Am Me\u00dfnerfeld 3<br \/>\n83123 Amerang<\/address>\n<address>jhe@evenhausen.de<\/address>\n<p>Inhaltlich verantwortlich: Josef Huber<\/p>\n<p><strong>Gem\u00e4\u00df \u00a7 28 BDSG wird jeder Verwendung und Weitergabe von ver\u00f6ffentlichten Daten widersprochen.<\/strong><\/p>\n<h3>Haftungshinweise:<\/h3>\n<p>Trotz sorgf\u00e4ltiger inhaltlicher Kontrolle \u00fcbernehmen wir keine Haftung f\u00fcr die Inhalte externer Links. F\u00fcr den Inhalt der verlinkten Seiten sind ausschlie\u00dflich deren Betreiber verantwortlich.<\/p>\n<p>Ebenso \u00fcbernehmen wir keine Haftung f\u00fcr von externen Benutzern verfasste Kommentare und Blogbeitr\u00e4ge. <a href=\"http:\/\/www.foren-und-recht.de\/urteile\/Oberlandesgericht-Duesseldorf-20060607.html\" rel=\"nofollow\">(Urteil v. 07.06.2006 \u2013 Az.: I-15 U 21\/06 \u2013 Haftung f\u00fcr fremde Forums-Eintr\u00e4ge)<\/a><\/p>\n<h3>Bilder<\/h3>\n<p>Header: Ralph Bernatzky<\/p>\n","protected":false},"excerpt":{"rendered":"<p>Pflichtangaben nach \u00a7 6 Teledienstegesetz (TDG) bzw. \u00a7 10 des Mediendienstestaatsvertrages (MDStV) Dipl.-Inf.(FH) Josef Huber Am Me\u00dfnerfeld 3 83123 Amerang jhe@evenhausen.de Inhaltlich verantwortlich: Josef Huber Gem\u00e4\u00df \u00a7 28 BDSG wird jeder Verwendung und Weitergabe von ver\u00f6ffentlichten Daten widersprochen. Haftungshinweise: Trotz sorgf\u00e4ltiger inhaltlicher Kontrolle \u00fcbernehmen wir keine Haftung f\u00fcr die Inhalte externer Links. F\u00fcr den Inhalt &hellip; <a href=\"https:\/\/www.evenhausen.de\/?page_id=24\" class=\"more-link\"><span class=\"screen-reader-text\">\u201eImpressum\u201c <\/span>weiterlesen<\/a><\/p>\n","protected":false},"author":26,"featured_media":0,"parent":0,"menu_order":0,"comment_status":"open","ping_status":"closed","template":"","meta":{"_themeisle_gutenberg_block_has_review":false,"footnotes":""},"class_list":["post-24","page","type-page","status-publish","hentry"],"_links":{"self":[{"href":"https:\/\/www.evenhausen.de\/index.php?rest_route=\/wp\/v2\/pages\/24","targetHints":{"allow":["GET"]}}],"collection":[{"href":"https:\/\/www.evenhausen.de\/index.php?rest_route=\/wp\/v2\/pages"}],"about":[{"href":"https:\/\/www.evenhausen.de\/index.php?rest_route=\/wp\/v2\/types\/page"}],"author":[{"embeddable":true,"href":"https:\/\/www.evenhausen.de\/index.php?rest_route=\/wp\/v2\/users\/26"}],"replies":[{"embeddable":true,"href":"https:\/\/www.evenhausen.de\/index.php?rest_route=%2Fwp%2Fv2%2Fcomments&post=24"}],"version-history":[{"count":14,"href":"https:\/\/www.evenhausen.de\/index.php?rest_route=\/wp\/v2\/pages\/24\/revisions"}],"predecessor-version":[{"id":1174,"href":"https:\/\/www.evenhausen.de\/index.php?rest_route=\/wp\/v2\/pages\/24\/revisions\/1174"}],"wp:attachment":[{"href":"https:\/\/www.evenhausen.de\/index.php?rest_route=%2Fwp%2Fv2%2Fmedia&parent=24"}],"curies":[{"name":"wp","href":"https:\/\/api.w.org\/{rel}","templated":true}]}}