{"id":2,"date":"2012-02-07T09:33:46","date_gmt":"2012-02-07T08:33:46","guid":{"rendered":"http:\/\/www.evenhausen.de\/?page_id=2"},"modified":"2025-11-27T13:18:28","modified_gmt":"2025-11-27T12:18:28","slug":"evenhausen","status":"publish","type":"page","link":"https:\/\/www.evenhausen.de\/","title":{"rendered":"Der Ort"},"content":{"rendered":"<figure class=\"wp-block-image\"><a href=\"https:\/\/ticket2471.tickethome.at\/\"><img decoding=\"async\" class=\"hot-random-image\" style=\"width:75%; height:auto;\" src=\"https:\/\/www.evenhausen.de\/wp-content\/uploads\/fest26\/Programm.jpg\" alt=\"\" \/><\/a><\/figure>\n\n<div class=\"wp-block-image\">\n<figure class=\"alignright\"><a href=\"https:\/\/www.evenhausen.de\/information\/600px-amerang_in_ro\/\" rel=\"attachment wp-att-324\"><img loading=\"lazy\" decoding=\"async\" width=\"600\" height=\"628\" src=\"https:\/\/www.evenhausen.de\/wp-content\/uploads\/2012\/02\/600px-Amerang_in_RO.png\" alt=\"Evenhausen\/Obb.\" class=\"wp-image-324\" title=\"Quelle: Wikimedia Commons\" srcset=\"https:\/\/www.evenhausen.de\/wp-content\/uploads\/2012\/02\/600px-Amerang_in_RO.png 600w, https:\/\/www.evenhausen.de\/wp-content\/uploads\/2012\/02\/600px-Amerang_in_RO-286x300.png 286w\" sizes=\"auto, (max-width: 600px) 85vw, 600px\" \/><\/a><\/figure>\n<\/div>\n\n\n<p>Evenhausen ist ein Ortsteil der <a href=\"https:\/\/www.amerang.de\/\" data-type=\"link\" data-id=\"https:\/\/www.amerang.de\/\" target=\"_blank\" rel=\"noreferrer noopener\">Gemeinde Amerang<\/a> im <a href=\"https:\/\/www.landkreis-rosenheim.de\/\" data-type=\"link\" data-id=\"https:\/\/www.landkreis-rosenheim.de\/\" target=\"_blank\" rel=\"noreferrer noopener\">Landkreis Rosenheim<\/a> in <a href=\"https:\/\/de.wikipedia.org\/wiki\/Oberbayern\" target=\"_blank\" rel=\"noreferrer noopener\">Oberbayern<\/a>.<br> Sie finden hier Informationen und Aktuelles aus der ehemaligen Gemeinde Evenhausen.<\/p>\n\n\n\n<p>\u2192 <a title=\"D\u00f6rfer, Weiler und Ein\u00f6den\" href=\"https:\/\/www.evenhausen.de\/?page_id=414\">D\u00f6rfer, Weiler und Ein\u00f6den<\/a> der ehemaligen Gemeinde Evenhausen<\/p>\n\n\n\n<div style=\"clear: right;\"><\/div>\n\n\n\n<h2 class=\"wp-block-heading\">Aktuelles<\/h2>\n\n\n<ul class=\"wp-block-latest-posts__list has-dates wp-block-latest-posts\"><li><a class=\"wp-block-latest-posts__post-title\" href=\"https:\/\/www.evenhausen.de\/?p=1394\">St\u00f6rung bei eMail Zustellung (Behoben)<\/a><time datetime=\"2025-10-01T14:23:46+02:00\" class=\"wp-block-latest-posts__post-date\">1. Oktober 2025<\/time><div class=\"wp-block-latest-posts__post-excerpt\">Seit Anfang Oktober l\u00e4uft evenhausen.de auf einem neuem Server. Nach dem Umzug kam es beim Versand von @evenhausen.de eMail Konten zu St\u00f6rungen bei der Zustellung zu einigen eMail-Empf\u00e4ngern. Betroffen waren unter anderem Adressen von Das Problem wurde nun (hoffentlich) behoben. Sollten dennoch noch Probleme auftreten, einfach eine Info an admin@evenhausen.de<\/div><\/li>\n<li><a class=\"wp-block-latest-posts__post-title\" href=\"https:\/\/www.evenhausen.de\/?p=1317\">Osendorf<\/a><time datetime=\"2023-10-25T10:20:18+02:00\" class=\"wp-block-latest-posts__post-date\">25. Oktober 2023<\/time><div class=\"wp-block-latest-posts__post-excerpt\">Osendorf ist ein Weiler mit 9 Anwesen, der zur ehemaligen Gemeinde Evenhausen und auch zur Pfarrei Evenhausen geh\u00f6rt. (Die Bilder sind urheberrechtlich gesch\u00fctzt und d\u00fcrfen ohne vorherige Genehmigung nur f\u00fcr private Zwecke verwendet werden)<\/div><\/li>\n<li><a class=\"wp-block-latest-posts__post-title\" href=\"https:\/\/www.evenhausen.de\/?p=1202\">Defibrillator in Evenhausen<\/a><time datetime=\"2020-08-20T01:01:39+02:00\" class=\"wp-block-latest-posts__post-date\">20. August 2020<\/time><div class=\"wp-block-latest-posts__post-excerpt\">Bereits seit dem 25.07. h\u00e4ngt der auf Initiative der Feuerwehr Evenhausen beschaffte AED (Automatischer Externer Defibrillator) in der Chiemgaustra\u00dfe 26 (vor dem Eingang zum Pfarrsaal).<\/div><\/li>\n<\/ul>\n\n\n<p><\/p>\n","protected":false},"excerpt":{"rendered":"<p>Evenhausen ist ein Ortsteil der Gemeinde Amerang im Landkreis Rosenheim in Oberbayern. Sie finden hier Informationen und Aktuelles aus der ehemaligen Gemeinde Evenhausen. \u2192 D\u00f6rfer, Weiler und Ein\u00f6den der ehemaligen Gemeinde Evenhausen Aktuelles<\/p>\n","protected":false},"author":26,"featured_media":0,"parent":0,"menu_order":0,"comment_status":"closed","ping_status":"closed","template":"","meta":{"_themeisle_gutenberg_block_has_review":false,"footnotes":""},"class_list":["post-2","page","type-page","status-publish","hentry"],"_links":{"self":[{"href":"https:\/\/www.evenhausen.de\/index.php?rest_route=\/wp\/v2\/pages\/2","targetHints":{"allow":["GET"]}}],"collection":[{"href":"https:\/\/www.evenhausen.de\/index.php?rest_route=\/wp\/v2\/pages"}],"about":[{"href":"https:\/\/www.evenhausen.de\/index.php?rest_route=\/wp\/v2\/types\/page"}],"author":[{"embeddable":true,"href":"https:\/\/www.evenhausen.de\/index.php?rest_route=\/wp\/v2\/users\/26"}],"replies":[{"embeddable":true,"href":"https:\/\/www.evenhausen.de\/index.php?rest_route=%2Fwp%2Fv2%2Fcomments&post=2"}],"version-history":[{"count":95,"href":"https:\/\/www.evenhausen.de\/index.php?rest_route=\/wp\/v2\/pages\/2\/revisions"}],"predecessor-version":[{"id":1413,"href":"https:\/\/www.evenhausen.de\/index.php?rest_route=\/wp\/v2\/pages\/2\/revisions\/1413"}],"wp:attachment":[{"href":"https:\/\/www.evenhausen.de\/index.php?rest_route=%2Fwp%2Fv2%2Fmedia&parent=2"}],"curies":[{"name":"wp","href":"https:\/\/api.w.org\/{rel}","templated":true}]}}